 8261?
2
What is the hundreds digit of 1056?
0
What is the hundreds digit of 1177?
1
What is the thousands digit of 1485?
1
What is the thousands digit of 5580?
5
What is the tens digit of 5752?
5
What is the tens digit of 3457?
5
What is the units digit of 885?
5
What is the thousands digit of 3753?
3
What is the hundreds digit of 21968?
9
What is the thousands digit of 2600?
2
What is the units digit of 4152?
2
What is the tens digit of 2473?
7
What is the tens digit of 41237?
3
What is the thousands digit of 31572?
1
What is the thousands digit of 1116?
1
What is the tens digit of 13641?
4
What is the units digit of 44275?
5
What is the units digit of 367?
7
What is the hundreds digit of 10580?
5
What is the thousands digit of 5595?
5
What is the thousands digit of 7470?
7
What is the thousands digit of 2369?
2
What is the units digit of 30631?
1
What is the hundreds digit of 1053?
0
What is the thousands digit of 7140?
7
What is the units digit of 25800?
0
What is the units digit of 36593?
3
What is the hundreds digit of 787?
7
What is the hundreds digit of 3323?
3
What is the hundreds digit of 124?
1
What is the thousands digit of 30369?
0
What is the units digit of 14076?
6
What is the hundreds digit of 7659?
6
What is the tens digit of 164?
6
What is the thousands digit of 3329?
3
What is the tens digit of 12213?
1
What is the tens digit of 55340?
4
What is the thousands digit of 6545?
6
What is the hundreds digit of 383?
3
What is the hundreds digit of 191?
1
What is the hundreds digit of 5747?
7
What is the units digit of 18571?
1
What is the tens digit of 32419?
1
What is the hundreds digit of 7701?
7
What is the tens digit of 2501?
0
What is the hundred thousands digit of 124159?
1
What is the tens digit of 2263?
6
What is the hundreds digit of 36010?
0
What is the hundreds digit of 70507?
5
What is the tens digit of 555?
5
What is the tens digit of 10333?
3
What is the tens digit of 60487?
8
What is the units digit of 600?
0
What is the units digit of 811?
1
What is the units digit of 883?
3
What is the hundreds digit of 4293?
2
What is the units digit of 202?
2
What is the hundreds digit of 11784?
7
What is the units digit of 722?
2
What is the hundreds digit of 9305?
3
What is the ten thousands digit of 16086?
1
What is the hundreds digit of 86032?
0
What is the hundreds digit of 273?
2
What is the hundreds digit of 3754?
7
What is the hundreds digit of 1817?
8
What is the tens digit of 1564?
6
What is the thousands digit of 28100?
8
What is the hundreds digit of 1245?
2
What is the tens digit of 1434?
3
What is the hundreds digit of 1930?
9
What is the units digit of 8835?
5
What is the units digit of 6544?
4
What is the thousands digit of 8389?
8
What is the tens digit of 543?
4
What is the ten thousands digit of 17898?
1
What is the units digit of 32087?
7
What is the units digit of 39603?
3
What is the thousands digit of 4125?
4
What is the tens digit of 99728?
2
What is the units digit of 4869?
9
What is the tens digit of 82179?
7
What is the thousands digit of 1090?
1
What is the thousands digit of 66490?
6
What is the hundreds digit of 678?
6
What is the thousands digit of 1280?
1
What is the hundreds digit of 2718?
7
What is the ten thousands digit of 49476?
4
What is the ten thousands digit of 14472?
1
What is the tens digit of 6081?
8
What is the tens digit of 21629?
2
What is the tens digit of 4135?
3
What is the units digit of 7227?
7
What is the hundreds digit of 4599?
5
What is the thousands digit of 2684?
2
What is the hundreds digit of 3961?
9
What is the thousands digit of 4869?
4
What is the units digit of 674?
4
What is the units digit of 4754?
4
What is the thousands digit of 34758?
4
What is the units digit of 144?
4
What is the thousands digit of 2814?
2
What is the thousands digit of 1083?
1
What is the ten thousands digit of 17831?
1
What is the tens digit of 12297?
9
What is the tens digit of 20771?
7
What is the hundreds digit of 3350?
3
What is the thousands digit of 1101?
1
What is the units digit of 621?
1
What is the tens digit of 3963?
6
What is the hundreds digit of 9647?
6
What is the tens digit of 68389?
8
What is the tens digit of 9986?
8
What is the units digit of 19609?
9
What is the hundreds digit of 36967?
9
What is the tens digit of 58644?
4
What is the units digit of 99?
9
What is the units digit of 967?
7
What is the tens digit of 2466?
6
What is the units digit of 8043?
3
What is the hundreds digit of 3565?
5
What is the units digit of 2201?
1
What is the units digit of 12802?
2
What is the tens digit of 4487?
8
What is the units digit of 1981?
1
What is the hundreds digit of 9298?
2
What is the tens digit of 89154?
5
What is the thousands digit of 1727?
1
What is the hundreds digit of 10440?
4
What is the hundreds digit of 6477?
4
What is the hundreds digit of 120?
1
What is the tens digit of 100876?
7
What is the tens digit of 24827?
2
What is the hundreds digit of 343?
3
What is the units digit of 8734?
4
What is the units digit of 10018?
8
What is the hundreds digit of 848?
8
What is the thousands digit of 28450?
8
What is the tens digit of 70?
7
What is the hundreds digit of 11974?
9
What is the hundreds digit of 4822?
8
What is the units digit of 2308?
8
What is the thousands digit of 1241?
1
What is the ten thousands digit of 47411?
4
What is the units digit of 34114?
4
What is the units digit of 21996?
6
What is the units digit of 4392?
2
What is the thousands digit of 4576?
4
What is the tens digit of 27123?
2
What is the tens digit of 744?
4
What is the units digit of 1516?
6
What is the thousands digit of 1046?
1
What is the units digit of 11764?
4
What is the ten thousands digit of 13634?
1
What is the hundreds digit of 33555?
5
What is the units digit of 700?
0
What is the tens digit of 79286?
8
What is the hundreds digit of 38920?
9
What is the units digit of 3626?
6
What is the thousands digit of 4867?
4
What is the thousands digit of 1977?
1
What is the thousands digit of 9757?
9
What is the hundred thousands digit of 139613?
1
What is the tens digit of 1060?
6
What is the units digit of 1508?
8
What is the units digit of 7873?
3
What is the ten thousands digit of 27733?
2
What is the tens digit of 2073?
7
What is the ten thousands digit of 31811?
3
What is the units digit of 13982?
2
What is the units digit of 64526?
6
What is the hundreds digit of 4484?
4
What is the hundreds digit of 461?
4
What is the hundreds digit of 322?
3
What is the tens digit of 199?
9
What is the thousands digit of 2057?
2
What is the thousands digit of 58643?
8
What is the units digit of 1527?
7
What is the thousands digit of 6280?
6
What is the thousands digit of 1788?
1
What is the ten thousands digit of 13006?
1
What is the hundreds digit of 14851?
8
What is the units digit of 17699?
9
What is the tens digit of 72?
7
What is the units digit of 334?
4
What is the units digit of 2335?
5
What is the thousands digit of 45495?
5
What is the hundreds digit of 500?
5
What is the tens digit of 149233?
3
What is the hundreds digit of 1029?
0
What is the tens digit of 17592?
9
What is the hundreds digit of 467?
4
What is the thousands digit of 48955?
8
What is the tens digit of 432?
3
What is the tens digit of 764?
6
What is the thousands digit of 3594?
3
What is the thousands digit of 7280?
7
What is the thousands digit of 3416?
3
What is the units digit of 1686?
6
What is the units digit of 39785?
5
What is the units digit of 3700?
0
What is the tens digit of 16673?
7
What is the units digit of 217?
7
What is the thousands digit of 3290?
3
What is the ten thousands digit of 105680?
0
What is the tens digit of 4009?
0
What is the ten thousands digit of 22381?
2
What is the hundreds digit of 1891?
8
What is the hundreds digit of 4953?
9
What is the tens digit of 118531?
3
What is the hundreds digit of 17045?
0
What is the hundreds digit of 18584?
5
What is the hundreds digit of 2291?
2
What is the hundreds digit of 4519?
5
What is the units digit of 2680?
0
What is the thousands digit of 24921?
4
What is the thousands digit of 30162?
0
What is the units digit of 262?
2
What is the units digit of 26946?
6
What is the ten thousands digit of 11558?
1
What is the hundreds digit of 787?
7
What is the